{"id":23,"date":"2017-08-20T11:42:09","date_gmt":"2017-08-20T11:42:09","guid":{"rendered":"http:\/\/pediatr-recice.cz\/?page_id=23"},"modified":"2026-01-09T19:58:25","modified_gmt":"2026-01-09T19:58:25","slug":"ordinacni-doba","status":"publish","type":"page","link":"http:\/\/pediatr-recice.cz\/uvodni-stranka-aktuality\/ordinacni-doba\/","title":{"rendered":"Ordina\u010dn\u00ed doba"},"content":{"rendered":"<table style=\"width: 584px;\">\n<tbody>\n<tr>\n<td style=\"width: 110px;\"><strong>K. \u0158e\u010dice<\/strong><\/td>\n<td style=\"width: 89px;\">Pond\u011bl\u00ed<\/td>\n<td style=\"width: 61px;\">7-12<\/td>\n<td style=\"width: 318px;\">13-15 (poradna, prevence, o\u010dkov\u00e1n\u00ed)<\/td>\n<\/tr>\n<tr>\n<td style=\"width: 110px;\"><\/td>\n<td style=\"width: 89px;\">St\u0159eda<\/td>\n<td style=\"width: 61px;\">7-12<\/td>\n<td style=\"width: 318px;\"><\/td>\n<\/tr>\n<tr>\n<td style=\"width: 110px;\"><\/td>\n<td style=\"width: 89px;\">\u010ctvrtek<strong>\u00a0<\/strong><\/td>\n<td style=\"width: 61px;\"><\/td>\n<td style=\"width: 318px;\">13-15<\/td>\n<\/tr>\n<tr>\n<td style=\"width: 110px;\"><\/td>\n<td style=\"width: 89px;\"><\/td>\n<td style=\"width: 61px;\"><\/td>\n<td style=\"width: 318px;\"><\/td>\n<\/tr>\n<tr>\n<td style=\"width: 110px;\">\u00a0<strong>De\u0161tn\u00e1<\/strong><\/td>\n<td style=\"width: 89px;\">\u00dater\u00fd<\/td>\n<td style=\"width: 61px;\">7-12<\/td>\n<td style=\"width: 318px;\"><\/td>\n<\/tr>\n<tr>\n<td style=\"width: 110px;\"><\/td>\n<td style=\"width: 89px;\">P\u00e1tek<\/td>\n<td style=\"width: 61px;\">7-12<\/td>\n<td style=\"width: 318px;\"><\/td>\n<\/tr>\n<\/tbody>\n<\/table>\n<p>Pond\u011bl\u00ed, \u010dtvrtek \u00a0 \u00a0 \u00a015-18 \u00a0 \u00a0&#8211; \u00a0p\u0159edem objednan\u00e9 prevence a administrativn\u00ed \u00fakony<\/p>\n<p>Ordina\u010dn\u00ed dobu upravujeme podle aktu\u00e1ln\u00ed epidemiologick\u00e9 situace a sna\u017e\u00edme se ji v\u017edy p\u0159izp\u016fsobit pot\u0159eb\u00e1m na\u0161ich pacient\u016f- proto je ka\u017ed\u00e9 <span style=\"color: #ff0000;\"><span style=\"color: #000000;\">o\u0161et\u0159en\u00ed pl\u00e1novan\u00e9 na p\u0159esn\u00fd \u010das<\/span><\/span>. D\u011bkuji, \u017ee respektujete toto opat\u0159en\u00ed a dodr\u017eujete \u010das objedn\u00e1n\u00ed, pom\u00e1h\u00e1 to n\u00e1m i na\u0161im pacient\u016fm.<\/p>\n<h1 class=\"western\" align=\"LEFT\">\u00a0Ordina\u010dn\u00ed doba o letn\u00edch pr\u00e1zdnin\u00e1ch:<\/h1>\n<table>\n<tbody>\n<tr>\n<td><strong>K. \u0158e\u010dice<\/strong><\/td>\n<td>Pond\u011bl\u00ed<\/td>\n<td>7-12<\/td>\n<td>(z toho <span style=\"color: #ff0000;\">10-12<\/span>\u00a0poradna <span style=\"color: #ff0000;\">pro miminka<\/span>)<\/td>\n<\/tr>\n<tr>\n<td><\/td>\n<td>St\u0159eda<\/td>\n<td>7-12<\/td>\n<td><\/td>\n<\/tr>\n<tr>\n<td><\/td>\n<td>\u010ctvrtek<strong>\u00a0<\/strong><\/td>\n<td><\/td>\n<td>13-15<\/td>\n<\/tr>\n<tr>\n<td><\/td>\n<td><\/td>\n<td><\/td>\n<td><\/td>\n<\/tr>\n<tr>\n<td>\u00a0<strong>De\u0161tn\u00e1<\/strong><\/td>\n<td>\u00dater\u00fd<\/td>\n<td>7-12<\/td>\n<td><\/td>\n<\/tr>\n<tr>\n<td><\/td>\n<td><\/td>\n<td><\/td>\n<td><\/td>\n<\/tr>\n<\/tbody>\n<\/table>\n","protected":false},"excerpt":{"rendered":"<p>K. \u0158e\u010dice Pond\u011bl\u00ed 7-12 13-15 (poradna, prevence, o\u010dkov\u00e1n\u00ed) St\u0159eda 7-12 \u010ctvrtek\u00a0 13-15 \u00a0De\u0161tn\u00e1 \u00dater\u00fd 7-12 P\u00e1tek 7-12 Pond\u011bl\u00ed, \u010dtvrtek \u00a0 \u00a0 \u00a015-18 \u00a0 \u00a0&#8211; \u00a0p\u0159edem objednan\u00e9 prevence a administrativn\u00ed \u00fakony Ordina\u010dn\u00ed dobu upravujeme podle aktu\u00e1ln\u00ed epidemiologick\u00e9 situace a sna\u017e\u00edme se &hellip; <a href=\"http:\/\/pediatr-recice.cz\/uvodni-stranka-aktuality\/ordinacni-doba\/\">Cel\u00fd p\u0159\u00edsp\u011bvek <span class=\"meta-nav\">&rarr;<\/span><\/a><\/p>\n","protected":false},"author":1,"featured_media":0,"parent":0,"menu_order":0,"comment_status":"closed","ping_status":"closed","template":"","meta":{"footnotes":""},"class_list":["post-23","page","type-page","status-publish","hentry"],"_links":{"self":[{"href":"http:\/\/pediatr-recice.cz\/uvodni-stranka-aktuality\/wp-json\/wp\/v2\/pages\/23","targetHints":{"allow":["GET"]}}],"collection":[{"href":"http:\/\/pediatr-recice.cz\/uvodni-stranka-aktuality\/wp-json\/wp\/v2\/pages"}],"about":[{"href":"http:\/\/pediatr-recice.cz\/uvodni-stranka-aktuality\/wp-json\/wp\/v2\/types\/page"}],"author":[{"embeddable":true,"href":"http:\/\/pediatr-recice.cz\/uvodni-stranka-aktuality\/wp-json\/wp\/v2\/users\/1"}],"replies":[{"embeddable":true,"href":"http:\/\/pediatr-recice.cz\/uvodni-stranka-aktuality\/wp-json\/wp\/v2\/comments?post=23"}],"version-history":[{"count":32,"href":"http:\/\/pediatr-recice.cz\/uvodni-stranka-aktuality\/wp-json\/wp\/v2\/pages\/23\/revisions"}],"predecessor-version":[{"id":1058,"href":"http:\/\/pediatr-recice.cz\/uvodni-stranka-aktuality\/wp-json\/wp\/v2\/pages\/23\/revisions\/1058"}],"wp:attachment":[{"href":"http:\/\/pediatr-recice.cz\/uvodni-stranka-aktuality\/wp-json\/wp\/v2\/media?parent=23"}],"curies":[{"name":"wp","href":"https:\/\/api.w.org\/{rel}","templated":true}]}}

Ordinační doba

<table style="width: 584px;">
<tbody>
<tr>
<td style="width: 110px;"><strong>K. Řečice</strong></td>
<td style="width: 89px;">Pondělí</td>
<td style="width: 61px;">7-12</td>
<td style="width: 318px;">13-15 (poradna, prevence, očkování)</td>
</tr>
<tr>
<td style="width: 110px;"></td>
<td style="width: 89px;">Středa</td>
<td style="width: 61px;">7-12</td>
<td style="width: 318px;"></td>
</tr>
<tr>
<td style="width: 110px;"></td>
<td style="width: 89px;">Čtvrtek<strong> </strong></td>
<td style="width: 61px;"></td>
<td style="width: 318px;">13-15</td>
</tr>
<tr>
<td style="width: 110px;"></td>
<td style="width: 89px;"></td>
<td style="width: 61px;"></td>
<td style="width: 318px;"></td>
</tr>
<tr>
<td style="width: 110px;"> <strong>Deštná</strong></td>
<td style="width: 89px;">Úterý</td>
<td style="width: 61px;">7-12</td>
<td style="width: 318px;"></td>
</tr>
<tr>
<td style="width: 110px;"></td>
<td style="width: 89px;">Pátek</td>
<td style="width: 61px;">7-12</td>
<td style="width: 318px;"></td>
</tr>
</tbody>
</table>
<p>Pondělí, čtvrtek      15-18    &#8211;  předem objednané prevence a administrativní úkony</p>
<p>Ordinační dobu upravujeme podle aktuální epidemiologické situace a snažíme se ji vždy přizpůsobit potřebám našich pacientů- proto je každé <span style="color: #ff0000;"><span style="color: #000000;">ošetření plánované na přesný čas</span></span>. Děkuji, že respektujete toto opatření a dodržujete čas objednání, pomáhá to nám i našim pacientům.</p>
<h1 class="western" align="LEFT"> Ordinační doba o letních prázdninách:</h1>
<table>
<tbody>
<tr>
<td><strong>K. Řečice</strong></td>
<td>Pondělí</td>
<td>7-12</td>
<td>(z toho <span style="color: #ff0000;">10-12</span> poradna <span style="color: #ff0000;">pro miminka</span>)</td>
</tr>
<tr>
<td></td>
<td>Středa</td>
<td>7-12</td>
<td></td>
</tr>
<tr>
<td></td>
<td>Čtvrtek<strong> </strong></td>
<td></td>
<td>13-15</td>
</tr>
<tr>
<td></td>
<td></td>
<td></td>
<td></td>
</tr>
<tr>
<td> <strong>Deštná</strong></td>
<td>Úterý</td>
<td>7-12</td>
<td></td>
</tr>
<tr>
<td></td>
<td></td>
<td></td>
<td></td>
</tr>
</tbody>
</table>

<p>K. Řečice Pondělí 7-12 13-15 (poradna, prevence, očkování) Středa 7-12 Čtvrtek  13-15  Deštná Úterý 7-12 Pátek 7-12 Pondělí, čtvrtek      15-18    &#8211;  předem objednané prevence a administrativní úkony Ordinační dobu upravujeme podle aktuální epidemiologické situace a snažíme se &hellip; <a href="http://pediatr-recice.cz/uvodni-stranka-aktuality/ordinacni-doba/">Celý příspěvek <span class="meta-nav">&rarr;</span></a></p>
