{"id":311,"date":"2017-08-28T17:14:05","date_gmt":"2017-08-28T17:14:05","guid":{"rendered":"http:\/\/pediatr-recice.cz\/uvodni-stranka-aktuality\/?page_id=311"},"modified":"2026-01-09T19:46:06","modified_gmt":"2026-01-09T19:46:06","slug":"o-nas","status":"publish","type":"page","link":"http:\/\/pediatr-recice.cz\/uvodni-stranka-aktuality\/o-nas\/","title":{"rendered":"O n\u00e1s"},"content":{"rendered":"<p><span style=\"font-size: 18pt;\"><strong>MUDr. Jana Sedl\u00e1\u010dkov\u00e1<\/strong><\/span><\/p>\n<ul>\n<li>1990 &#8211; 1994 &#8211; Gymn\u00e1zium Sob\u011bslav<\/li>\n<li>1994 &#8211; 2000 &#8211; 1.LF UK Praha, obor v\u0161eobecn\u00e9 l\u00e9ka\u0159stv\u00ed<\/li>\n<li>2000 &#8211; 2001 &#8211; Urologick\u00e9 odd\u011blen\u00ed Nemocnice Jind\u0159ich\u016fv Hradec, a.s.<\/li>\n<li>2002 &#8211; 2007 &#8211; mate\u0159sk\u00e1 dovolen\u00e1<\/li>\n<li>2007 &#8211; dosud\u00a0 &#8211; D\u011btsk\u00e9 odd\u011blen\u00ed Nemocnice Jind\u0159ich\u016fv Hradec, a.s.<\/li>\n<li>4\/2013 &#8211; atestace z pediatrie<\/li>\n<li>12\/2013 &#8211; <a href=\"http:\/\/pediatr-recice.cz\/wp-content\/uploads\/2017\/08\/Atestace-PLDD.pdf\">atestace z PLDD<\/a><\/li>\n<li>praxi PLDD jsem z\u00edsk\u00e1vala nejprve u MUDr. D. Verd\u00e1nov\u00e9 ( J.H.), pot\u00e9 u MUDr. D. Dra\u017eana ( J.H.) a nakonec u MUDr. J. Slaniny, po kter\u00e9m jsem 1.9.2017 p\u0159evzala ordinaci v Karda\u0161ov\u011b \u0158e\u010dici a De\u0161tn\u00e9. Nad\u00e1le z\u016fst\u00e1v\u00e1m na \u010d\u00e1ste\u010dn\u00fd \u00favazek zam\u011bstnan\u00e1 na d\u011btsk\u00e9m odd\u011blen\u00ed v Nemocnici Jind\u0159ich\u016fv Hradec, a.s.<\/li>\n<\/ul>\n<p><span style=\"font-size: 18pt;\"><strong>sestra\u00a0 Martina Mich\u00e1lkov\u00e1<\/strong><\/span><\/p>\n","protected":false},"excerpt":{"rendered":"<p>MUDr. Jana Sedl\u00e1\u010dkov\u00e1 1990 &#8211; 1994 &#8211; Gymn\u00e1zium Sob\u011bslav 1994 &#8211; 2000 &#8211; 1.LF UK Praha, obor v\u0161eobecn\u00e9 l\u00e9ka\u0159stv\u00ed 2000 &#8211; 2001 &#8211; Urologick\u00e9 odd\u011blen\u00ed Nemocnice Jind\u0159ich\u016fv Hradec, a.s. 2002 &#8211; 2007 &#8211; mate\u0159sk\u00e1 dovolen\u00e1 2007 &#8211; dosud\u00a0 &#8211; D\u011btsk\u00e9 &hellip; <a href=\"http:\/\/pediatr-recice.cz\/uvodni-stranka-aktuality\/o-nas\/\">Cel\u00fd p\u0159\u00edsp\u011bvek <span class=\"meta-nav\">&rarr;<\/span><\/a><\/p>\n","protected":false},"author":1,"featured_media":0,"parent":0,"menu_order":0,"comment_status":"closed","ping_status":"closed","template":"","meta":{"footnotes":""},"class_list":["post-311","page","type-page","status-publish","hentry"],"_links":{"self":[{"href":"http:\/\/pediatr-recice.cz\/uvodni-stranka-aktuality\/wp-json\/wp\/v2\/pages\/311","targetHints":{"allow":["GET"]}}],"collection":[{"href":"http:\/\/pediatr-recice.cz\/uvodni-stranka-aktuality\/wp-json\/wp\/v2\/pages"}],"about":[{"href":"http:\/\/pediatr-recice.cz\/uvodni-stranka-aktuality\/wp-json\/wp\/v2\/types\/page"}],"author":[{"embeddable":true,"href":"http:\/\/pediatr-recice.cz\/uvodni-stranka-aktuality\/wp-json\/wp\/v2\/users\/1"}],"replies":[{"embeddable":true,"href":"http:\/\/pediatr-recice.cz\/uvodni-stranka-aktuality\/wp-json\/wp\/v2\/comments?post=311"}],"version-history":[{"count":10,"href":"http:\/\/pediatr-recice.cz\/uvodni-stranka-aktuality\/wp-json\/wp\/v2\/pages\/311\/revisions"}],"predecessor-version":[{"id":1056,"href":"http:\/\/pediatr-recice.cz\/uvodni-stranka-aktuality\/wp-json\/wp\/v2\/pages\/311\/revisions\/1056"}],"wp:attachment":[{"href":"http:\/\/pediatr-recice.cz\/uvodni-stranka-aktuality\/wp-json\/wp\/v2\/media?parent=311"}],"curies":[{"name":"wp","href":"https:\/\/api.w.org\/{rel}","templated":true}]}}

O nás

<p><span style="font-size: 18pt;"><strong>MUDr. Jana Sedláčková</strong></span></p>
<ul>
<li>1990 &#8211; 1994 &#8211; Gymnázium Soběslav</li>
<li>1994 &#8211; 2000 &#8211; 1.LF UK Praha, obor všeobecné lékařství</li>
<li>2000 &#8211; 2001 &#8211; Urologické oddělení Nemocnice Jindřichův Hradec, a.s.</li>
<li>2002 &#8211; 2007 &#8211; mateřská dovolená</li>
<li>2007 &#8211; dosud  &#8211; Dětské oddělení Nemocnice Jindřichův Hradec, a.s.</li>
<li>4/2013 &#8211; atestace z pediatrie</li>
<li>12/2013 &#8211; <a href="http://pediatr-recice.cz/wp-content/uploads/2017/08/Atestace-PLDD.pdf">atestace z PLDD</a></li>
<li>praxi PLDD jsem získávala nejprve u MUDr. D. Verdánové ( J.H.), poté u MUDr. D. Dražana ( J.H.) a nakonec u MUDr. J. Slaniny, po kterém jsem 1.9.2017 převzala ordinaci v Kardašově Řečici a Deštné. Nadále zůstávám na částečný úvazek zaměstnaná na dětském oddělení v Nemocnici Jindřichův Hradec, a.s.</li>
</ul>
<p><span style="font-size: 18pt;"><strong>sestra  Martina Michálková</strong></span></p>

<p>MUDr. Jana Sedláčková 1990 &#8211; 1994 &#8211; Gymnázium Soběslav 1994 &#8211; 2000 &#8211; 1.LF UK Praha, obor všeobecné lékařství 2000 &#8211; 2001 &#8211; Urologické oddělení Nemocnice Jindřichův Hradec, a.s. 2002 &#8211; 2007 &#8211; mateřská dovolená 2007 &#8211; dosud  &#8211; Dětské &hellip; <a href="http://pediatr-recice.cz/uvodni-stranka-aktuality/o-nas/">Celý příspěvek <span class="meta-nav">&rarr;</span></a></p>
